3 a factor of 2755620?
True
Is 5942520 a multiple of 6?
True
Is 687318 a multiple of 6?
True
Does 412 divide 1157569?
False
Is 6712000 a multiple of 400?
True
Does 830 divide 5637650?
False
Does 1391 divide 1655290?
True
Is 19 a factor of 5250061?
True
Is 584666 a multiple of 56?
False
Is 1791080 a multiple of 40?
True
Is 17 a factor of 668729?
True
Does 140 divide 587160?
True
Is 5 a factor of 72358?
False
Is 339888 a multiple of 291?
True
Is 61 a factor of 772077?
True
Is 6328260 a multiple of 108?
True
Is 150417 a multiple of 27?
True
Is 1025244 a multiple of 54?
True
Is 320 a factor of 2024960?
True
Does 28 divide 74532?
False
Is 38187 a multiple of 65?
False
Is 125944 a multiple of 346?
True
Is 7 a factor of 45038?
True
Is 23287 a multiple of 11?
True
Does 29 divide 4839628?
False
Is 84 a factor of 4257876?
True
Is 2044303 a multiple of 942?
False
Is 241163 a multiple of 13?
True
Is 1249155 a multiple of 513?
True
Is 13 a factor of 1698736?
True
Does 44 divide 145837?
False
Does 7 divide 1199737?
True
Is 47595 a multiple of 16?
False
Is 188 a factor of 8563125?
False
Is 88273 a multiple of 6?
False
Does 4 divide 1258523?
False
Is 5 a factor of 34950?
True
Is 2117 a factor of 9860213?
False
Does 55 divide 390454?
False
Is 3 a factor of 158652?
True
Does 22 divide 64?
False
Is 15125290 a multiple of 955?
True
Does 20 divide 6455583?
False
Is 20 a factor of 88916?
False
Does 688 divide 394687?
False
Does 71 divide 531125?
False
Is 104252 a multiple of 2?
True
Does 562 divide 703624?
True
Does 26 divide 96278?
True
Is 5999021 a multiple of 373?
False
Is 6 a factor of 3262?
False
Is 33 a factor of 15560764?
False
Does 99 divide 1059894?
True
Does 263 divide 209011?
False
Is 20 a factor of 1979522?
False
Is 199774 a multiple of 150?
False
Is 16905 a multiple of 69?
True
Is 38940 a multiple of 9?
False
Is 114 a factor of 3531375?
False
Is 266335 a multiple of 5?
True
Is 1026000 a multiple of 360?
True
Does 97 divide 9298355?
False
Does 12 divide 728880?
True
Is 79 a factor of 76697?
False
Does 66 divide 3698634?
False
Is 3616974 a multiple of 11?
False
Is 4 a factor of 189996?
True
Does 8 divide 925715?
False
Is 338672 a multiple of 122?
True
Is 158632 a multiple of 2?
True
Does 48 divide 7894272?
True
Is 13 a factor of 1995461?
True
Does 25 divide 23785?
False
Is 30 a factor of 2574300?
True
Does 16 divide 3195981?
False
Does 5 divide 662435?
True
Does 156 divide 153036?
True
Does 5 divide 261704?
False
Does 386 divide 179531?
False
Does 4 divide 178534?
False
Is 861462 a multiple of 44?
False
Is 13 a factor of 150228?
True
Is 7 a factor of 222627?
False
Is 33 a factor of 7824727?
False
Does 17 divide 907800?
True
Is 116 a factor of 7245?
False
Is 42185 a multiple of 143?
True
Does 75 divide 3000?
True
Is 12 a factor of 9181?
False
Does 3 divide 3054798?
True
Is 173450 a multiple of 61?
False
Does 524 divide 5838408?
True
Is 749719 a multiple of 369?
False
Does 103 divide 388339?
False
Does 10 divide 3450?
True
Does 30 divide 742140?
True
Is 12637 a multiple of 14?
False
Is 1217500 a multiple of 27?
False
Is 64848 a multiple of 84?
True
Does 132 divide 22938564?
True
Is 1845363 a multiple of 217?
False
Is 776 a factor of 9813337?
False
Does 15 divide 85466?
False
Is 107310 a multiple of 73?
True
Is 1429 a factor of 2004666?
False
Does 28 divide 2949410?
False
Does 875 divide 1664134?
False
Does 66 divide 13931?
False
Does 3 divide 1281?
True
Is 50270 a multiple of 11?
True
Is 27 a factor of 1056820?
False
Does 90 divide 26820?
True
Does 69 divide 427085?
False
Is 44 a factor of 189860?
True
Is 2000968 a multiple of 34?
True
Is 381007 a multiple of 19?
True
Is 81929 a multiple of 9?
False
Is 57 a factor of 237240?
False
Does 28 divide 147566?
False
Is 699471 a multiple of 14?
False
Is 182617 a multiple of 17?
False
Is 181327 a multiple of 326?
False
Is 5 a factor of 5125?
True
Is 6667059 a multiple of 7?
True
Is 149 a factor of 12814?
True
Is 5434037 a multiple of 53?
True
Does 12 divide 23708?
False
Is 222675 a multiple of 10?
False
Is 14 a factor of 710220?
True
Is 115 a factor of 46035?
False
Is 142 a factor of 15649962?
True
Does 2 divide 937895?
False
Is 176694 a multiple of 147?
True
Does 141 divide 1023447?
False
Does 382 divide 1669722?
True
Is 12069340 a multiple of 10?
True
Does 49 divide 13083637?
True
Is 142 a factor of 989461?
False
Does 12 divide 287148?
True
Is 6 a factor of 49002?
True
Is 817169 a multiple of 9?
False
Does 7 divide 525458?
False
Is 91 a factor of 3870062?
False
Is 23 a factor of 769742?
False
Is 15 a factor of 757650?
True
Is 15 a factor of 2408850?
True
Is 73 a factor of 2703282?
False
Is 365 a factor of 10995943?
False
Is 149 a factor of 513398?
False
Is 6 a factor of 135836?
False
Is 18 a factor of 5214934?
False
Is 61 a factor of 953052?
False
Is 108 a factor of 3510432?
True
Is 479264 a multiple of 272?
True
Is 7500152 a multiple of 183?
False
Is 48573 a multiple of 132?
False
Is 75 a factor of 1982475?
True
Is 373 a factor of 766515?
True
Is 273 a factor of 2457?
True
Does 106 divide 28651?
False
Is 38695 a multiple of 3?
False
Does 244 divide 72224?
True
Is 1298898 a multiple of 9?
True
Is 2 a factor of 7620?
True
Does 157 divide 253131?
False
Is 1386875 a multiple of 31?
False
Is 1378731 a multiple of 23?
False
Is 2928952 a multiple of 49?
False
Is 77 a factor of 513744?
True
Does 17 divide 1007526?
False
Does 40 divide 7254200?
True
Is 693314 a multiple of 186?
False
Is 3087278 a multiple of 57?
False
Is 147 a factor of 6830306?
False
Does 625 divide 836875?
True
Is 169 a factor of 19823024?
True
Is 306 a factor of 431492?
False
Does 314 divide 497376?
True
Is 1843149 a multiple of 71?
False
Is 270 a factor of 5940?
True
Is 2446458 a multiple of 21?
True
Does 101 divide 347339?
True
Is 3167104 a multiple of 227?
True
Is 4400 a multiple of 4?
True
Is 441 a factor of 224912?
False
Is 189 a factor of 1636362?
True
Is 100 a factor of 88026?
False
Is 252540 a multiple of 345?
True
Is 48726 a multiple of 54?
False
Does 36 divide 5803898?
False
Is 117980 a multiple of 10?
True
Is 193545 a multiple of 23?
True
Does 6 divide 871851?
False
Is 18 a factor of 48724?
False
Does 149 divide 1098279?
True
Is 72963 a multiple of 6?
False
Is 60076 a multiple of 23?
True
Does 45 divide 3645?
True
Does 581 divide 6402542?
False
Is 44 a factor of 3984816?
True
Is 223347 a multiple of 3?
True
Is 21371312 a multiple of 34?
True
Is 2 a factor of 23058?
True
Is 16939942 a multiple of 6?
False
Is 509366 a multiple of 131?
False
Is 1365245 a multiple of 35?
True
Is 368214 a multiple of 21?
True
Is 2830706 a multiple of 39?
False
Is 104 a factor of 65707?
False
Does 33 divide 630135?
True
Does 36 divide 777348?
True
Does 420 divide 8070820?
False
Is 21353 a multiple of 6?
False
Is 8952540 a multiple of 2010?
True
Is 541220 a multiple of 88?
False
Is 118 a factor of 2911452?
False
Is 55725 a multiple of 5?
True
Is 9601542 a multiple of 118?
True
Is 300482 a multiple of 127?
True
Does 55 divide 65780?
True
Is 126634 a multiple of 102?
False
Is 279 a factor of 7242747?
False
Does 170 divide 466820?
True
Is 11 a factor of 1105875?
False
Is 393 a factor of 595395?
True
Is 24 a factor of 21260?
False
Is 406 a factor of 298816?
True
Does 154 divide 101424?
False
Does 30 divide 10425?
False
Is 9906 a multiple of 13?
True
Is 3899726 a multiple of 151?
True
Does 2 divide 2028654?
True
Does 244 divide 8341161?
False
Is 215287 a multiple of 23?
False
Is 58 a factor of 386048?
True
Does 111 divide 790986?
True
Is 205 a factor of 779334?
False
Is 269496 a multiple of 197?
True
Does 17 divide 1638332?
False
Is 28 a factor of 3102109?
False
Does 939 divide 3985094?
False
Is 45 a factor of 19032900?
False
Is 2531 a factor of 28281394?
True
Is 14 a factor of 1395624?
False
Does 8 divide 271325?
False
Is 32 a factor of 816704?
True
Is 81 a factor of 81405?
True
Is 1312 a factor of 8475520?
True
Is 1811045 a multiple of 13?
False
Does 11 divide 10366279?
True
Does 29 divide 1704650?
False
Does 144 divide 70416?
True
Is 49 a factor of 1905177?
False
Does 21 divide 3387386?
False
Does 294 divide 33723?
False
Is 29 a factor of 9246588?
False
Is 71736 a multiple of 14?
True
Is 53 a factor of 161190?
False
Is 7 a factor of 517304?
False
Does 3 divide 